{"id":1642,"date":"2023-11-09T20:41:48","date_gmt":"2023-11-09T19:41:48","guid":{"rendered":"https:\/\/elalifato.blog\/?page_id=1642"},"modified":"2026-04-13T17:03:30","modified_gmt":"2026-04-13T15:03:30","slug":"sobre-mi","status":"publish","type":"page","link":"https:\/\/elalifato.blog\/index.php\/sobre-mi\/","title":{"rendered":"Sobre mi"},"content":{"rendered":"\t\t<div data-elementor-type=\"wp-page\" data-elementor-id=\"1642\" class=\"elementor elementor-1642\" data-elementor-post-type=\"page\">\n\t\t\t\t<div class=\"elementor-element elementor-element-4e1dd37a e-con-full e-flex e-con e-parent\" data-id=\"4e1dd37a\" data-element_type=\"container\">\n\t\t<div class=\"elementor-element elementor-element-65913ba7 e-con-full e-flex e-con e-child\" data-id=\"65913ba7\" data-element_type=\"container\">\n\t\t\t\t<div class=\"elementor-element elementor-element-66d5e13c elementor-headline--style-highlight elementor-widget elementor-widget-animated-headline\" data-id=\"66d5e13c\" data-element_type=\"widget\" data-settings=\"{&quot;marker&quot;:&quot;underline&quot;,&quot;highlighted_text&quot;:&quot;Adriana Pastor Mancl\\u00fas,&quot;,&quot;highlight_animation_duration&quot;:2000,&quot;headline_style&quot;:&quot;highlight&quot;}\" data-widget_type=\"animated-headline.default\">\n\t\t\t\t<div class=\"elementor-widget-container\">\n\t\t\t<link rel=\"stylesheet\" href=\"https:\/\/elalifato.blog\/wp-content\/plugins\/pro-elements\/assets\/css\/widget-animated-headline.min.css\">\t\t<h1 class=\"elementor-headline\">\n\t\t\t\t\t<span class=\"elementor-headline-plain-text elementor-headline-text-wrapper\">\u00a1Hola! Soy<\/span>\n\t\t\t\t<span class=\"elementor-headline-dynamic-wrapper elementor-headline-text-wrapper\">\n\t\t\t\t\t<span class=\"elementor-headline-dynamic-text elementor-headline-text-active\">Adriana Pastor Mancl\u00fas,<\/span>\n\t\t\t\t<\/span>\n\t\t\t\t<\/h1>\n\t\t\t\t<\/div>\n\t\t\t\t<\/div>\n\t\t\t\t<div class=\"elementor-element elementor-element-ac4b9b2 elementor-widget elementor-widget-heading\" data-id=\"ac4b9b2\" data-element_type=\"widget\" data-widget_type=\"heading.default\">\n\t\t\t\t<div class=\"elementor-widget-container\">\n\t\t\t<style>\/*! elementor - v3.21.0 - 08-05-2024 *\/\n.elementor-heading-title{padding:0;margin:0;line-height:1}.elementor-widget-heading .elementor-heading-title[class*=elementor-size-]>a{color:inherit;font-size:inherit;line-height:inherit}.elementor-widget-heading .elementor-heading-title.elementor-size-small{font-size:15px}.elementor-widget-heading .elementor-heading-title.elementor-size-medium{font-size:19px}.elementor-widget-heading .elementor-heading-title.elementor-size-large{font-size:29px}.elementor-widget-heading .elementor-heading-title.elementor-size-xl{font-size:39px}.elementor-widget-heading .elementor-heading-title.elementor-size-xxl{font-size:59px}<\/style><h2 class=\"elementor-heading-title elementor-size-default\">la persona que est\u00e1 detr\u00e1s de<\/h2>\t\t<\/div>\n\t\t\t\t<\/div>\n\t\t\t\t<div class=\"elementor-element elementor-element-0f24fc2 elementor-widget elementor-widget-image\" data-id=\"0f24fc2\" data-element_type=\"widget\" data-widget_type=\"image.default\">\n\t\t\t\t<div class=\"elementor-widget-container\">\n\t\t\t<style>\/*! elementor - v3.21.0 - 08-05-2024 *\/\n.elementor-widget-image{text-align:center}.elementor-widget-image a{display:inline-block}.elementor-widget-image a img[src$=\".svg\"]{width:48px}.elementor-widget-image img{vertical-align:middle;display:inline-block}<\/style>\t\t\t\t\t\t\t\t\t\t<img fetchpriority=\"high\" decoding=\"async\" width=\"5516\" height=\"1000\" src=\"https:\/\/elalifato.blog\/wp-content\/uploads\/2023\/09\/elalifatoblog-logo.svg\" class=\"attachment-full size-full wp-image-1442\" alt=\"elalifato.blog logo\" \/>\t\t\t\t\t\t\t\t\t\t\t\t\t<\/div>\n\t\t\t\t<\/div>\n\t\t\t\t<\/div>\n\t\t\t\t<div class=\"elementor-element elementor-element-9532ea9 e-transform elementor-widget elementor-widget-image\" data-id=\"9532ea9\" data-element_type=\"widget\" data-settings=\"{&quot;_transform_rotateZ_effect&quot;:{&quot;unit&quot;:&quot;px&quot;,&quot;size&quot;:9,&quot;sizes&quot;:[]},&quot;_transform_rotateZ_effect_tablet&quot;:{&quot;unit&quot;:&quot;deg&quot;,&quot;size&quot;:5,&quot;sizes&quot;:[]},&quot;_transform_rotateZ_effect_mobile&quot;:{&quot;unit&quot;:&quot;deg&quot;,&quot;size&quot;:&quot;&quot;,&quot;sizes&quot;:[]}}\" data-widget_type=\"image.default\">\n\t\t\t\t<div class=\"elementor-widget-container\">\n\t\t\t\t\t\t\t\t\t\t\t\t\t<img decoding=\"async\" width=\"768\" height=\"768\" src=\"https:\/\/elalifato.blog\/wp-content\/uploads\/2023\/09\/IMG_20230804_124614_540.webp\" class=\"attachment-full size-full wp-image-1265\" alt=\"\" srcset=\"https:\/\/elalifato.blog\/wp-content\/uploads\/2023\/09\/IMG_20230804_124614_540.webp 768w, https:\/\/elalifato.blog\/wp-content\/uploads\/2023\/09\/IMG_20230804_124614_540-300x300.webp 300w, https:\/\/elalifato.blog\/wp-content\/uploads\/2023\/09\/IMG_20230804_124614_540-150x150.webp 150w, https:\/\/elalifato.blog\/wp-content\/uploads\/2023\/09\/IMG_20230804_124614_540-200x200.webp 200w, https:\/\/elalifato.blog\/wp-content\/uploads\/2023\/09\/IMG_20230804_124614_540-100x100.webp 100w\" sizes=\"(max-width: 768px) 100vw, 768px\" \/>\t\t\t\t\t\t\t\t\t\t\t\t\t<\/div>\n\t\t\t\t<\/div>\n\t\t\t\t<\/div>\n\t\t<div class=\"elementor-element elementor-element-181f744d e-flex e-con-boxed e-con e-parent\" data-id=\"181f744d\" data-element_type=\"container\">\n\t\t\t\t\t<div class=\"e-con-inner\">\n\t\t\t\t<div class=\"elementor-element elementor-element-ae1e684 elementor-widget elementor-widget-text-editor\" data-id=\"ae1e684\" data-element_type=\"widget\" data-widget_type=\"text-editor.default\">\n\t\t\t\t<div class=\"elementor-widget-container\">\n\t\t\t<style>\/*! elementor - v3.21.0 - 08-05-2024 *\/\n.elementor-widget-text-editor.elementor-drop-cap-view-stacked .elementor-drop-cap{background-color:#69727d;color:#fff}.elementor-widget-text-editor.elementor-drop-cap-view-framed .elementor-drop-cap{color:#69727d;border:3px solid;background-color:transparent}.elementor-widget-text-editor:not(.elementor-drop-cap-view-default) .elementor-drop-cap{margin-top:8px}.elementor-widget-text-editor:not(.elementor-drop-cap-view-default) .elementor-drop-cap-letter{width:1em;height:1em}.elementor-widget-text-editor .elementor-drop-cap{float:left;text-align:center;line-height:1;font-size:50px}.elementor-widget-text-editor .elementor-drop-cap-letter{display:inline-block}<\/style>\t\t\t\t<p><!-- wp:paragraph --><\/p>\n<p>Soy graduada en <strong>Historia, Geograf\u00eda e Historia del Arte por la Universidad Oberta de Catalu\u00f1a<\/strong>. Adem\u00e1s, soy <strong>T\u00e9cnica de Integraci\u00f3n Social<\/strong> y actualmente trabajo como <strong>T\u00e9cnica de Intervenci\u00f3n en TICs<\/strong>, un \u00e1mbito desde el que intento unir lo social, lo educativo y lo digital. Mi camino profesional nace precisamente de ah\u00ed: de una <strong>pasi\u00f3n por la historia<\/strong> que con el tiempo se ha convertido tambi\u00e9n en una <strong>vocaci\u00f3n social<\/strong>.<\/p>\n<p>He trabajado como <strong>gu\u00eda de museo en Caixaforum Valencia<\/strong>, una experiencia que reforz\u00f3 mi inter\u00e9s por la <strong>divulgaci\u00f3n cultural<\/strong> y por hacer la historia accesible, cercana y significativa para todo tipo de p\u00fablicos.<\/p>\n<p>En mi trayectoria tambi\u00e9n he tenido la suerte de participar en la <strong>I Feria del Libro y la Cultura de Bej\u00eds<\/strong> con la ponencia <em>\u201cLa Orden de Calatrava y su papel en la pol\u00edtica y sociedad de los pueblos de frontera\u201d<\/em>, y en la <strong>III Feria del Libro de El Toro<\/strong> con la charla <em>\u201cLas murallas: frontera f\u00edsica y an\u00edmica en el siglo XVI\u201d<\/em>. En ambas habl\u00e9 sobre la realidad de minor\u00edas religiosas como la <strong>poblaci\u00f3n musulmana<\/strong>, que pas\u00f3 a ocupar una posici\u00f3n marginal tras la <strong>mal llamada Reconquista<\/strong>, a pesar de todo los avances sociales, cient\u00edficos y culturales que aportaron y la extensa herencia que nos legaron.<\/p>\n<p>Esta l\u00ednea de inter\u00e9s tambi\u00e9n marc\u00f3 mi <strong>Trabajo de Fin de Grado<\/strong>, <em>\u201cEl cementerio moro de El Toro (Castell\u00f3n): memoria, colonialismo y olvido\u201d<\/em>, con el que obtuve <strong>matr\u00edcula de honor<\/strong>, y en el que profundic\u00e9 en las huellas de ese pasado y en c\u00f3mo se han construido \u2014y en muchos casos silenciado\u2014 determinados relatos hist\u00f3ricos.<\/p>\n<p>A lo largo de mi camino acad\u00e9mico, y especialmente con este proyecto, mi intenci\u00f3n siempre ha sido <strong>utilizar la historia como una forma de reconocer y dar voz a quienes nos precedieron<\/strong>. Tambi\u00e9n me interesa mucho <strong>tender puentes entre Oriente y Occidente<\/strong>, dos mundos que a menudo se presentan como opuestos, pero que en realidad comparten mucho m\u00e1s de lo que parece.<\/p>\n<p>Mi pasi\u00f3n por la historia surge a temprana edad, cuando una enciclopedia que lleg\u00f3 una noche de Reyes despert\u00f3 mi curiosidad por todo tipo de historias: desde el nacimiento de Cristo hasta figuras como <strong>Juana de Arco<\/strong> o episodios como la <strong>Peste Negra<\/strong>.<\/p>\n<p>El inter\u00e9s por la <strong>cultura isl\u00e1mica<\/strong> lleg\u00f3 algo despu\u00e9s, en la adolescencia, a ra\u00edz de distintas lecturas que me llevaron a querer entender m\u00e1s. A partir de ah\u00ed, fui profundizando en sus textos, en la evoluci\u00f3n de las sociedades \u00e1rabes y en su relaci\u00f3n con Occidente. Tambi\u00e9n fue clave el <strong>contacto directo con personas musulmanas de diferentes or\u00edgenes en contextos de voluntariado<\/strong>, as\u00ed como el <strong>aprendizaje b\u00e1sico de lengua \u00e1rabe<\/strong>, que me ayud\u00f3 a ampliar la mirada.<\/p>\n<p>Todo este recorrido ha ido moldeando mi forma de ver el mundo, reforzando mis ganas de <strong>seguir aprendiendo, compartiendo y divulgando<\/strong>, y tambi\u00e9n el <strong>orgullo por un pasado que durante siglos fue compartido en la Pen\u00ednsula Ib\u00e9rica<\/strong>.<\/p>\n<p>Aun as\u00ed, la historia es mucho m\u00e1s amplia. Est\u00e1 llena de matices, de voces y de civilizaciones distintas, y todas tienen su lugar aqu\u00ed. La idea es <strong>mirar el presente con perspectiva hist\u00f3rica<\/strong>, entender c\u00f3mo hemos llegado hasta aqu\u00ed y reflexionar sobre cu\u00e1nto hemos cambiado \u2014o no tanto\u2014 con el paso del tiempo.<\/p>\n<p><!-- \/wp:paragraph --><\/p>\n<p><!-- \/wp:paragraph --><\/p>\t\t\t\t\t\t<\/div>\n\t\t\t\t<\/div>\n\t\t\t\t\t<\/div>\n\t\t\t\t<\/div>\n\t\t<div class=\"elementor-element elementor-element-7645118e e-flex e-con-boxed e-con e-parent\" data-id=\"7645118e\" data-element_type=\"container\">\n\t\t\t\t\t<div class=\"e-con-inner\">\n\t\t\t\t<div class=\"elementor-element elementor-element-8aecf41 gallery-spacing-custom elementor-widget elementor-widget-image-gallery\" data-id=\"8aecf41\" data-element_type=\"widget\" data-widget_type=\"image-gallery.default\">\n\t\t\t\t<div class=\"elementor-widget-container\">\n\t\t\t<style>.elementor-image-gallery .gallery-item{display:inline-block;text-align:center;vertical-align:top;width:100%;max-width:100%;margin:0 auto}.elementor-image-gallery .gallery-item img{margin:0 auto}.elementor-image-gallery .gallery-item .gallery-caption{margin:0}.elementor-image-gallery figure img{display:block}.elementor-image-gallery figure figcaption{width:100%}.gallery-spacing-custom .elementor-image-gallery .gallery-icon{padding:0}@media (min-width:641px){.elementor-image-gallery .gallery-columns-2 .gallery-item{max-width:50%}.elementor-image-gallery .gallery-columns-3 .gallery-item{max-width:33.33%}.elementor-image-gallery .gallery-columns-4 .gallery-item{max-width:25%}.elementor-image-gallery .gallery-columns-5 .gallery-item{max-width:20%}.elementor-image-gallery .gallery-columns-6 .gallery-item{max-width:16.666%}.elementor-image-gallery .gallery-columns-7 .gallery-item{max-width:14.28%}.elementor-image-gallery .gallery-columns-8 .gallery-item{max-width:12.5%}.elementor-image-gallery .gallery-columns-9 .gallery-item{max-width:11.11%}.elementor-image-gallery .gallery-columns-10 .gallery-item{max-width:10%}}@media (min-width:480px) and (max-width:640px){.elementor-image-gallery .gallery.gallery-columns-2 .gallery-item,.elementor-image-gallery .gallery.gallery-columns-3 .gallery-item,.elementor-image-gallery .gallery.gallery-columns-4 .gallery-item,.elementor-image-gallery .gallery.gallery-columns-5 .gallery-item,.elementor-image-gallery .gallery.gallery-columns-6 .gallery-item,.elementor-image-gallery .gallery.gallery-columns-7 .gallery-item,.elementor-image-gallery .gallery.gallery-columns-8 .gallery-item,.elementor-image-gallery .gallery.gallery-columns-9 .gallery-item,.elementor-image-gallery .gallery.gallery-columns-10 .gallery-item{max-width:50%}}@media (max-width:479px){.elementor-image-gallery .gallery.gallery-columns-2 .gallery-item,.elementor-image-gallery .gallery.gallery-columns-3 .gallery-item,.elementor-image-gallery .gallery.gallery-columns-4 .gallery-item,.elementor-image-gallery .gallery.gallery-columns-5 .gallery-item,.elementor-image-gallery .gallery.gallery-columns-6 .gallery-item,.elementor-image-gallery .gallery.gallery-columns-7 .gallery-item,.elementor-image-gallery .gallery.gallery-columns-8 .gallery-item,.elementor-image-gallery .gallery.gallery-columns-9 .gallery-item,.elementor-image-gallery .gallery.gallery-columns-10 .gallery-item{max-width:100%}}<\/style>\t\t<div class=\"elementor-image-gallery\">\n\t\t\t<div id='gallery-1' class='gallery galleryid-1642 gallery-columns-2 gallery-size-medium'><figure class='gallery-item'>\n\t\t\t<div class='gallery-icon landscape'>\n\t\t\t\t<img width=\"300\" height=\"300\" src=\"https:\/\/elalifato.blog\/wp-content\/uploads\/2023\/09\/1693758750295-300x300.webp\" class=\"attachment-medium size-medium\" alt=\"\" decoding=\"async\" srcset=\"https:\/\/elalifato.blog\/wp-content\/uploads\/2023\/09\/1693758750295-300x300.webp 300w, https:\/\/elalifato.blog\/wp-content\/uploads\/2023\/09\/1693758750295-1024x1024.webp 1024w, https:\/\/elalifato.blog\/wp-content\/uploads\/2023\/09\/1693758750295-150x150.webp 150w, https:\/\/elalifato.blog\/wp-content\/uploads\/2023\/09\/1693758750295-768x768.webp 768w, https:\/\/elalifato.blog\/wp-content\/uploads\/2023\/09\/1693758750295-200x200.webp 200w, https:\/\/elalifato.blog\/wp-content\/uploads\/2023\/09\/1693758750295-100x100.webp 100w, https:\/\/elalifato.blog\/wp-content\/uploads\/2023\/09\/1693758750295.webp 1080w\" sizes=\"(max-width: 300px) 100vw, 300px\" \/>\n\t\t\t<\/div><\/figure><figure class='gallery-item'>\n\t\t\t<div class='gallery-icon landscape'>\n\t\t\t\t<img loading=\"lazy\" width=\"300\" height=\"300\" src=\"https:\/\/elalifato.blog\/wp-content\/uploads\/2023\/09\/IMG_20230804_124614_677-300x300.webp\" class=\"attachment-medium size-medium\" alt=\"\" decoding=\"async\" srcset=\"https:\/\/elalifato.blog\/wp-content\/uploads\/2023\/09\/IMG_20230804_124614_677-300x300.webp 300w, https:\/\/elalifato.blog\/wp-content\/uploads\/2023\/09\/IMG_20230804_124614_677-1024x1024.webp 1024w, https:\/\/elalifato.blog\/wp-content\/uploads\/2023\/09\/IMG_20230804_124614_677-150x150.webp 150w, https:\/\/elalifato.blog\/wp-content\/uploads\/2023\/09\/IMG_20230804_124614_677-768x768.webp 768w, https:\/\/elalifato.blog\/wp-content\/uploads\/2023\/09\/IMG_20230804_124614_677-200x200.webp 200w, https:\/\/elalifato.blog\/wp-content\/uploads\/2023\/09\/IMG_20230804_124614_677-100x100.webp 100w, https:\/\/elalifato.blog\/wp-content\/uploads\/2023\/09\/IMG_20230804_124614_677.webp 1080w\" sizes=\"(max-width: 300px) 100vw, 300px\" \/>\n\t\t\t<\/div><\/figure>\n\t\t<\/div>\n\t\t<\/div>\n\t\t\t\t<\/div>\n\t\t\t\t<\/div>\n\t\t\t\t\t<\/div>\n\t\t\t\t<\/div>\n\t\t\t\t<\/div>\n\t\t","protected":false},"excerpt":{"rendered":"<p>\u00a1Hola! Soy Adriana Pastor Mancl\u00fas, la persona que est\u00e1 detr\u00e1s de Soy graduada en Historia, Geograf\u00eda e Historia del Arte por la Universidad Oberta de Catalu\u00f1a. Adem\u00e1s, soy T\u00e9cnica de Integraci\u00f3n Social y actualmente trabajo como T\u00e9cnica de Intervenci\u00f3n en TICs, un \u00e1mbito desde el que intento unir lo social, lo educativo y lo digital. [&hellip;]<\/p>\n","protected":false},"author":1,"featured_media":0,"parent":0,"menu_order":0,"comment_status":"closed","ping_status":"closed","template":"","meta":{"footnotes":""},"yoast_head":"<!-- This site is optimized with the Yoast SEO plugin v22.6 - https:\/\/yoast.com\/wordpress\/plugins\/seo\/ -->\n<title>Sobre mi - elalifato.blog<\/title>\n<meta name=\"robots\" content=\"index, follow, max-snippet:-1, max-image-preview:large, max-video-preview:-1\" \/>\n<link rel=\"canonical\" href=\"https:\/\/elalifato.blog\/index.php\/sobre-mi\/\" \/>\n<meta property=\"og:locale\" content=\"es_ES\" \/>\n<meta property=\"og:type\" content=\"article\" \/>\n<meta property=\"og:title\" content=\"Sobre mi - elalifato.blog\" \/>\n<meta property=\"og:description\" content=\"\u00a1Hola! Soy Adriana Pastor Mancl\u00fas, la persona que est\u00e1 detr\u00e1s de Soy graduada en Historia, Geograf\u00eda e Historia del Arte por la Universidad Oberta de Catalu\u00f1a. Adem\u00e1s, soy T\u00e9cnica de Integraci\u00f3n Social y actualmente trabajo como T\u00e9cnica de Intervenci\u00f3n en TICs, un \u00e1mbito desde el que intento unir lo social, lo educativo y lo digital. [&hellip;]\" \/>\n<meta property=\"og:url\" content=\"https:\/\/elalifato.blog\/index.php\/sobre-mi\/\" \/>\n<meta property=\"og:site_name\" content=\"elalifato.blog\" \/>\n<meta property=\"article:modified_time\" content=\"2026-04-13T15:03:30+00:00\" \/>\n<meta property=\"og:image\" content=\"https:\/\/elalifato.blog\/wp-content\/uploads\/2023\/09\/elalifatoblog-logo.svg\" \/>\n<meta name=\"twitter:card\" content=\"summary_large_image\" \/>\n<meta name=\"twitter:label1\" content=\"Tiempo de lectura\" \/>\n\t<meta name=\"twitter:data1\" content=\"4 minutos\" \/>\n<script type=\"application\/ld+json\" class=\"yoast-schema-graph\">{\"@context\":\"https:\/\/schema.org\",\"@graph\":[{\"@type\":\"WebPage\",\"@id\":\"https:\/\/elalifato.blog\/index.php\/sobre-mi\/\",\"url\":\"https:\/\/elalifato.blog\/index.php\/sobre-mi\/\",\"name\":\"Sobre mi - elalifato.blog\",\"isPartOf\":{\"@id\":\"https:\/\/elalifato.blog\/#website\"},\"primaryImageOfPage\":{\"@id\":\"https:\/\/elalifato.blog\/index.php\/sobre-mi\/#primaryimage\"},\"image\":{\"@id\":\"https:\/\/elalifato.blog\/index.php\/sobre-mi\/#primaryimage\"},\"thumbnailUrl\":\"https:\/\/elalifato.blog\/wp-content\/uploads\/2023\/09\/elalifatoblog-logo.svg\",\"datePublished\":\"2023-11-09T19:41:48+00:00\",\"dateModified\":\"2026-04-13T15:03:30+00:00\",\"breadcrumb\":{\"@id\":\"https:\/\/elalifato.blog\/index.php\/sobre-mi\/#breadcrumb\"},\"inLanguage\":\"es\",\"potentialAction\":[{\"@type\":\"ReadAction\",\"target\":[\"https:\/\/elalifato.blog\/index.php\/sobre-mi\/\"]}]},{\"@type\":\"ImageObject\",\"inLanguage\":\"es\",\"@id\":\"https:\/\/elalifato.blog\/index.php\/sobre-mi\/#primaryimage\",\"url\":\"https:\/\/elalifato.blog\/wp-content\/uploads\/2023\/09\/elalifatoblog-logo.svg\",\"contentUrl\":\"https:\/\/elalifato.blog\/wp-content\/uploads\/2023\/09\/elalifatoblog-logo.svg\",\"width\":5516,\"height\":1000,\"caption\":\"elalifato.blog logo\"},{\"@type\":\"BreadcrumbList\",\"@id\":\"https:\/\/elalifato.blog\/index.php\/sobre-mi\/#breadcrumb\",\"itemListElement\":[{\"@type\":\"ListItem\",\"position\":1,\"name\":\"Portada\",\"item\":\"https:\/\/elalifato.blog\/\"},{\"@type\":\"ListItem\",\"position\":2,\"name\":\"Sobre mi\"}]},{\"@type\":\"WebSite\",\"@id\":\"https:\/\/elalifato.blog\/#website\",\"url\":\"https:\/\/elalifato.blog\/\",\"name\":\"elalifato.blog\",\"description\":\"En elalifato.blog podr\u00e1s leer ensayos y art\u00edculos hist\u00f3ricos relacionados con multitud de temas y \u00e9pocas, historia del arte y antropolog\u00eda de las religiones. Un sitio donde descubrir\u00e1s emplazamientos hist\u00f3ricos que no conoc\u00edas as\u00ed como consejos para visitarlos.\",\"publisher\":{\"@id\":\"https:\/\/elalifato.blog\/#\/schema\/person\/6bc5d4d3e2a3506e66e17752410b50f8\"},\"potentialAction\":[{\"@type\":\"SearchAction\",\"target\":{\"@type\":\"EntryPoint\",\"urlTemplate\":\"https:\/\/elalifato.blog\/?s={search_term_string}\"},\"query-input\":\"required name=search_term_string\"}],\"inLanguage\":\"es\"},{\"@type\":[\"Person\",\"Organization\"],\"@id\":\"https:\/\/elalifato.blog\/#\/schema\/person\/6bc5d4d3e2a3506e66e17752410b50f8\",\"name\":\"Adriana Pastor Mancl\u00fas\",\"image\":{\"@type\":\"ImageObject\",\"inLanguage\":\"es\",\"@id\":\"https:\/\/elalifato.blog\/#\/schema\/person\/image\/\",\"url\":\"https:\/\/elalifato.blog\/wp-content\/uploads\/2023\/09\/elalifatoblog-logo.svg\",\"contentUrl\":\"https:\/\/elalifato.blog\/wp-content\/uploads\/2023\/09\/elalifatoblog-logo.svg\",\"width\":5516,\"height\":1000,\"caption\":\"Adriana Pastor Mancl\u00fas\"},\"logo\":{\"@id\":\"https:\/\/elalifato.blog\/#\/schema\/person\/image\/\"},\"description\":\"Graduada en Historia, Geograf\u00eda e Historia del Arte. Especializada en Historia de las Religiones y Mundo Isl\u00e1mico.\",\"sameAs\":[\"http:\/\/elalifato.blog\"]}]}<\/script>\n<!-- \/ Yoast SEO plugin. -->","yoast_head_json":{"title":"Sobre mi - elalifato.blog","robots":{"index":"index","follow":"follow","max-snippet":"max-snippet:-1","max-image-preview":"max-image-preview:large","max-video-preview":"max-video-preview:-1"},"canonical":"https:\/\/elalifato.blog\/index.php\/sobre-mi\/","og_locale":"es_ES","og_type":"article","og_title":"Sobre mi - elalifato.blog","og_description":"\u00a1Hola! Soy Adriana Pastor Mancl\u00fas, la persona que est\u00e1 detr\u00e1s de Soy graduada en Historia, Geograf\u00eda e Historia del Arte por la Universidad Oberta de Catalu\u00f1a. Adem\u00e1s, soy T\u00e9cnica de Integraci\u00f3n Social y actualmente trabajo como T\u00e9cnica de Intervenci\u00f3n en TICs, un \u00e1mbito desde el que intento unir lo social, lo educativo y lo digital. [&hellip;]","og_url":"https:\/\/elalifato.blog\/index.php\/sobre-mi\/","og_site_name":"elalifato.blog","article_modified_time":"2026-04-13T15:03:30+00:00","og_image":[{"url":"https:\/\/elalifato.blog\/wp-content\/uploads\/2023\/09\/elalifatoblog-logo.svg"}],"twitter_card":"summary_large_image","twitter_misc":{"Tiempo de lectura":"4 minutos"},"schema":{"@context":"https:\/\/schema.org","@graph":[{"@type":"WebPage","@id":"https:\/\/elalifato.blog\/index.php\/sobre-mi\/","url":"https:\/\/elalifato.blog\/index.php\/sobre-mi\/","name":"Sobre mi - elalifato.blog","isPartOf":{"@id":"https:\/\/elalifato.blog\/#website"},"primaryImageOfPage":{"@id":"https:\/\/elalifato.blog\/index.php\/sobre-mi\/#primaryimage"},"image":{"@id":"https:\/\/elalifato.blog\/index.php\/sobre-mi\/#primaryimage"},"thumbnailUrl":"https:\/\/elalifato.blog\/wp-content\/uploads\/2023\/09\/elalifatoblog-logo.svg","datePublished":"2023-11-09T19:41:48+00:00","dateModified":"2026-04-13T15:03:30+00:00","breadcrumb":{"@id":"https:\/\/elalifato.blog\/index.php\/sobre-mi\/#breadcrumb"},"inLanguage":"es","potentialAction":[{"@type":"ReadAction","target":["https:\/\/elalifato.blog\/index.php\/sobre-mi\/"]}]},{"@type":"ImageObject","inLanguage":"es","@id":"https:\/\/elalifato.blog\/index.php\/sobre-mi\/#primaryimage","url":"https:\/\/elalifato.blog\/wp-content\/uploads\/2023\/09\/elalifatoblog-logo.svg","contentUrl":"https:\/\/elalifato.blog\/wp-content\/uploads\/2023\/09\/elalifatoblog-logo.svg","width":5516,"height":1000,"caption":"elalifato.blog logo"},{"@type":"BreadcrumbList","@id":"https:\/\/elalifato.blog\/index.php\/sobre-mi\/#breadcrumb","itemListElement":[{"@type":"ListItem","position":1,"name":"Portada","item":"https:\/\/elalifato.blog\/"},{"@type":"ListItem","position":2,"name":"Sobre mi"}]},{"@type":"WebSite","@id":"https:\/\/elalifato.blog\/#website","url":"https:\/\/elalifato.blog\/","name":"elalifato.blog","description":"En elalifato.blog podr\u00e1s leer ensayos y art\u00edculos hist\u00f3ricos relacionados con multitud de temas y \u00e9pocas, historia del arte y antropolog\u00eda de las religiones. Un sitio donde descubrir\u00e1s emplazamientos hist\u00f3ricos que no conoc\u00edas as\u00ed como consejos para visitarlos.","publisher":{"@id":"https:\/\/elalifato.blog\/#\/schema\/person\/6bc5d4d3e2a3506e66e17752410b50f8"},"potentialAction":[{"@type":"SearchAction","target":{"@type":"EntryPoint","urlTemplate":"https:\/\/elalifato.blog\/?s={search_term_string}"},"query-input":"required name=search_term_string"}],"inLanguage":"es"},{"@type":["Person","Organization"],"@id":"https:\/\/elalifato.blog\/#\/schema\/person\/6bc5d4d3e2a3506e66e17752410b50f8","name":"Adriana Pastor Mancl\u00fas","image":{"@type":"ImageObject","inLanguage":"es","@id":"https:\/\/elalifato.blog\/#\/schema\/person\/image\/","url":"https:\/\/elalifato.blog\/wp-content\/uploads\/2023\/09\/elalifatoblog-logo.svg","contentUrl":"https:\/\/elalifato.blog\/wp-content\/uploads\/2023\/09\/elalifatoblog-logo.svg","width":5516,"height":1000,"caption":"Adriana Pastor Mancl\u00fas"},"logo":{"@id":"https:\/\/elalifato.blog\/#\/schema\/person\/image\/"},"description":"Graduada en Historia, Geograf\u00eda e Historia del Arte. Especializada en Historia de las Religiones y Mundo Isl\u00e1mico.","sameAs":["http:\/\/elalifato.blog"]}]}},"_links":{"self":[{"href":"https:\/\/elalifato.blog\/index.php\/wp-json\/wp\/v2\/pages\/1642"}],"collection":[{"href":"https:\/\/elalifato.blog\/index.php\/wp-json\/wp\/v2\/pages"}],"about":[{"href":"https:\/\/elalifato.blog\/index.php\/wp-json\/wp\/v2\/types\/page"}],"author":[{"embeddable":true,"href":"https:\/\/elalifato.blog\/index.php\/wp-json\/wp\/v2\/users\/1"}],"replies":[{"embeddable":true,"href":"https:\/\/elalifato.blog\/index.php\/wp-json\/wp\/v2\/comments?post=1642"}],"version-history":[{"count":19,"href":"https:\/\/elalifato.blog\/index.php\/wp-json\/wp\/v2\/pages\/1642\/revisions"}],"predecessor-version":[{"id":1790,"href":"https:\/\/elalifato.blog\/index.php\/wp-json\/wp\/v2\/pages\/1642\/revisions\/1790"}],"wp:attachment":[{"href":"https:\/\/elalifato.blog\/index.php\/wp-json\/wp\/v2\/media?parent=1642"}],"curies":[{"name":"wp","href":"https:\/\/api.w.org\/{rel}","templated":true}]}}